True
Is 31140 a multiple of 90?
True
Is 144 a factor of 576?
True
Is 19 a factor of 532?
True
Does 37 divide 19032?
False
Does 50 divide 126?
False
Is 1208 a multiple of 88?
False
Is 23 a factor of 4669?
True
Is 3965 a multiple of 13?
True
Is 8271 a multiple of 9?
True
Does 33 divide 185?
False
Is 87 a factor of 8618?
False
Is 38 a factor of 51?
False
Is 16 a factor of 57940?
False
Is 31208 a multiple of 94?
True
Is 4969 a multiple of 2?
False
Does 15 divide 1815?
True
Is 39 a factor of 1053?
True
Is 9 a factor of 51529?
False
Is 22 a factor of 1672?
True
Does 37 divide 3322?
False
Is 8 a factor of 656?
True
Does 56 divide 2128?
True
Is 1857 a multiple of 86?
False
Is 13 a factor of 882?
False
Is 140 a factor of 16940?
True
Does 88 divide 50512?
True
Is 5782 a multiple of 118?
True
Is 53 a factor of 23108?
True
Is 32175 a multiple of 25?
True
Does 4 divide 28892?
True
Is 1931 a multiple of 7?
False
Is 26 a factor of 2705?
False
Is 36483 a multiple of 132?
False
Is 4 a factor of 2352?
True
Is 58 a factor of 93554?
True
Is 51 a factor of 5704?
False
Does 56 divide 12824?
True
Is 608 a multiple of 32?
True
Is 4 a factor of 39684?
True
Is 239 a factor of 43498?
True
Does 9 divide 21051?
True
Is 26 a factor of 1430?
True
Does 75 divide 1432?
False
Is 8 a factor of 32542?
False
Does 14 divide 21562?
False
Is 47 a factor of 1598?
True
Does 27 divide 22893?
False
Is 108 a multiple of 36?
True
Does 14 divide 23815?
False
Is 31 a factor of 1418?
False
Does 17 divide 17884?
True
Is 110075 a multiple of 85?
True
Is 22 a factor of 519?
False
Is 114478 a multiple of 13?
True
Is 12 a factor of 1596?
True
Is 10 a factor of 840?
True
Does 15 divide 26409?
False
Does 13 divide 4970?
False
Is 40 a factor of 2280?
True
Does 39 divide 897?
True
Does 28 divide 2044?
True
Does 77 divide 1463?
True
Does 10 divide 1230?
True
Is 38 a factor of 3800?
True
Is 7055 a multiple of 85?
True
Is 102 a factor of 54468?
True
Does 16 divide 29247?
False
Is 12 a factor of 101?
False
Does 51 divide 18615?
True
Does 77 divide 231?
True
Is 18 a factor of 395?
False
Is 19 a factor of 7693?
False
Is 17100 a multiple of 150?
True
Is 9794 a multiple of 51?
False
Is 10 a factor of 23?
False
Does 11 divide 539?
True
Is 85209 a multiple of 102?
False
Is 4614 a multiple of 28?
False
Is 128 a factor of 4608?
True
Does 11 divide 2469?
False
Is 1187 a multiple of 4?
False
Is 9 a factor of 5833?
False
Does 34 divide 722?
False
Is 1251 a multiple of 12?
False
Does 32 divide 20832?
True
Does 15 divide 390?
True
Does 84 divide 1176?
True
Is 1260 a multiple of 21?
True
Does 27 divide 4216?
False
Does 35 divide 1102?
False
Is 21760 a multiple of 320?
True
Does 144 divide 39814?
False
Is 494 a multiple of 19?
True
Does 19 divide 1653?
True
Does 120 divide 132973?
False
Is 45646 a multiple of 180?
False
Is 1692 a multiple of 6?
True
Does 25 divide 3931?
False
Is 1209 a multiple of 22?
False
Does 56 divide 3808?
True
Is 573 a multiple of 3?
True
Is 988 a multiple of 76?
True
Is 5 a factor of 10780?
True
Is 12 a factor of 225?
False
Is 1170 a multiple of 39?
True
Does 3 divide 59?
False
Is 14 a factor of 2884?
True
Does 9 divide 1671?
False
Is 45 a factor of 3150?
True
Does 23 divide 782?
True
Does 4 divide 22?
False
Does 116 divide 428?
False
Does 62 divide 87172?
True
Does 45 divide 13860?
True
Does 16 divide 207?
False
Is 19 a factor of 2565?
True
Is 87 a factor of 5046?
True
Does 24 divide 1160?
False
Is 1210 a multiple of 22?
True
Is 40 a factor of 88600?
True
Is 146 a multiple of 146?
True
Is 584 a multiple of 73?
True
Is 2580 a multiple of 9?
False
Does 4 divide 34201?
False
Is 15539 a multiple of 228?
False
Is 23535 a multiple of 19?
False
Does 35 divide 1167?
False
Is 221 a factor of 5746?
True
Does 73 divide 3760?
False
Does 156 divide 18876?
True
Does 34 divide 2498?
False
Is 58062 a multiple of 64?
False
Is 9 a factor of 7035?
False
Is 4004 a multiple of 28?
True
Does 23 divide 1267?
False
Does 21 divide 9345?
True
Is 1536 a multiple of 16?
True
Does 242 divide 9196?
True
Does 14 divide 8850?
False
Is 153 a multiple of 3?
True
Is 21 a factor of 6604?
False
Is 95 a factor of 37715?
True
Does 25 divide 3477?
False
Is 51 a factor of 4335?
True
Does 6 divide 441?
False
Does 38 divide 1003?
False
Is 17 a factor of 1773?
False
Does 29 divide 210?
False
Is 4598 a multiple of 22?
True
Is 73 a factor of 4732?
False
Is 13099 a multiple of 21?
False
Is 2 a factor of 25?
False
Does 48 divide 2928?
True
Is 71 a factor of 29962?
True
Does 73 divide 3048?
False
Is 1518 a multiple of 24?
False
Is 16055 a multiple of 13?
True
Is 8018 a multiple of 34?
False
Is 1741 a multiple of 48?
False
Does 86 divide 697?
False
Is 17 a factor of 33200?
False
Does 34 divide 15735?
False
Does 20 divide 820?
True
Does 22 divide 8702?
False
Is 23 a factor of 48553?
True
Does 8 divide 4861?
False
Is 20 a factor of 8280?
True
Does 19 divide 1428?
False
Is 1424 a multiple of 4?
True
Is 20 a factor of 34740?
True
Is 1115 a multiple of 37?
False
Is 14578 a multiple of 21?
False
Is 3168 a multiple of 9?
True
Is 6761 a multiple of 57?
False
Is 128 a factor of 16000?
True
Does 17 divide 918?
True
Is 9 a factor of 97647?
False
Is 98 a multiple of 12?
False
Is 111 a multiple of 42?
False
Is 3 a factor of 52?
False
Does 15 divide 45825?
True
Is 10 a factor of 3960?
True
Is 499 a multiple of 27?
False
Is 5168 a multiple of 4?
True
Does 105 divide 364?
False
Is 4797 a multiple of 13?
True
Is 7920 a multiple of 180?
True
Is 5 a factor of 2310?
True
Is 44 a factor of 16702?
False
Is 20 a factor of 2640?
True
Is 19038 a multiple of 9?
False
Does 35 divide 945?
True
Does 43 divide 72240?
True
Is 780 a multiple of 10?
True
Does 4 divide 35?
False
Is 3297 a multiple of 157?
True
Is 4 a factor of 29725?
False
Is 2088 a multiple of 29?
True
Does 16 divide 6752?
True
Is 33610 a multiple of 10?
True
Does 10 divide 20300?
True
Is 88 a multiple of 2?
True
Is 10 a factor of 7101?
False
Does 27 divide 648?
True
Does 7 divide 20973?
False
Does 14 divide 434?
True
Does 2 divide 785?
False
Is 7697 a multiple of 59?
False
Is 2183 a multiple of 59?
True
Is 81 a factor of 1539?
True
Does 10 divide 720?
True
Is 2472 a multiple of 6?
True
Does 6 divide 466?
False
Is 15635 a multiple of 4?
False
Is 1873 a multiple of 47?
False
Is 4626 a multiple of 6?
True
Does 9 divide 144?
True
Is 184 a factor of 12880?
True
Is 30 a multiple of 15?
True
Is 57 a factor of 9516?
False
Does 26 divide 859?
False
Does 14 divide 440?
False
Does 268 divide 88976?
True
Does 4 divide 188?
True
Is 12 a factor of 36634?
False
Is 1505 a multiple of 35?
True
Is 27 a factor of 78867?
True
Is 24 a factor of 912?
True
Is 7 a factor of 21?
True
Is 8 a factor of 216?
True
Does 5 divide 531?
False
Is 30 a factor of 120?
True
Is 65262 a multiple of 27?
False
Is 76623 a multiple of 193?
False
Does 3 divide 12616?
False
Is 26 a factor of 26?
True
Does 6 divide 96?
True
Is 7533 a multiple of 93?
True
Is 1115 a multiple of 5?
True
Does 25 divide 7058?
False
Is 17 a factor of 7302?
False
Is 1454 a multiple of 8?
False
Is 8 a factor of 462?
False
Is 1512 a multiple of 84?
True
Is 40349 a multiple of 257?
True
Is 23 a factor of 5194?
False
Is 2882 a multiple of 76?
False
Is 28665 a multiple of 45?
True
Is 2925 a multiple of 9?
True
Does 80 divide 2270?
False
Is 18 a factor of 18?
True
Is 5296 a multiple of 16?
True
Is 4 a factor of 332?
True
Does 56 divide 12147?
False
Does 3 divide 806?
False
Does 17 divide 9091?
False
Does 115 divide 22237?
False
Is 4 a factor of 556?
True
Is 86 a factor of 51638?
False
Is 2091 a multiple of 4?
False
Is 12558 a multiple of 89?
False
Does 195 divide 57177?
False
Does 11 divide 72160?
True
Is 2860 a multiple of 52?
True
Is 17 a factor of 245?
False
Does 16 divide 647?
False
Is 4 a factor of 20?
True
Does 48 divide 9725?
False
Is 25 a factor of 1150?
True
Does 27 divide 351?
True
Does 26 divide 699?
False
Does 7 divide 25679?
False
Is 22236 a multiple of 6?
True
Is 1656 a multiple of 46?
True
Is 3844 a multiple of 16?
False
Is 839 a multiple of 68?
False
Is 574 a multiple of 7?
True
Does 6 divide 260?
False
Is 16 a multiple of 3?
False
Does 3 divide 33?
True
Is 122 a multiple of 3?
False
Does 83 divide 57187?
True
Is 25 a factor of 20925?
True
Is 809 a multiple of 1